{"id":6,"date":"2026-01-04T17:21:17","date_gmt":"2026-01-04T17:21:17","guid":{"rendered":"https:\/\/aron-v.be\/index.php\/silverstorm\/"},"modified":"2026-01-04T18:48:13","modified_gmt":"2026-01-04T18:48:13","slug":"silverstorm","status":"publish","type":"page","link":"https:\/\/aron-v.be\/","title":{"rendered":"Front Page"},"content":{"rendered":"<div data-colibri-id=\"6-c1\" class=\"style-177 style-local-6-c1 position-relative\">\n  <!---->\n  <div data-colibri-component=\"section\" data-colibri-id=\"6-c2\" id=\"hero-accent\" class=\"h-section h-section-global-spacing d-flex align-items-lg-center align-items-md-center align-items-center style-178 style-local-6-c2 position-relative\">\n    <!---->\n    <!---->\n    <div class=\"h-section-grid-container h-section-fluid-container\">\n      <!---->\n      <div data-colibri-id=\"6-c3\" class=\"h-row-container gutters-row-lg-0 gutters-row-md-0 gutters-row-2 gutters-row-v-lg-2 gutters-row-v-md-2 gutters-row-v-2 style-179 style-local-6-c3 position-relative\">\n        <!---->\n        <div class=\"h-row justify-content-lg-center justify-content-md-center justify-content-center align-items-lg-stretch align-items-md-stretch align-items-stretch gutters-col-lg-0 gutters-col-md-0 gutters-col-2 gutters-col-v-lg-2 gutters-col-v-md-2 gutters-col-v-2\">\n          <!---->\n          <div class=\"h-column h-column-container d-flex h-col-lg-4 h-col-md-4 h-col-12 style-180-outer style-local-6-c4-outer\">\n            <div data-colibri-id=\"6-c4\" class=\"d-flex h-flex-basis h-column__inner h-px-lg-3 h-px-md-3 h-px-2 v-inner-lg-3 v-inner-md-3 v-inner-2 style-180 style-local-6-c4 position-relative\">\n              <!---->\n              <!---->\n              <div class=\"w-100 h-y-container h-column__content h-column__v-align flex-basis-100 align-self-lg-center align-self-md-center align-self-center\">\n                <!---->\n                <div data-colibri-id=\"6-c5\" class=\"h-global-transition-all h-heading style-181 style-local-6-c5 position-relative h-element\">\n                  <!---->\n                  <div class=\"h-heading__outer style-181 style-local-6-c5\">\n                    <!---->\n                    <!---->\n                    <h3 class=\"\">1995<\/h3>\n                  <\/div>\n                <\/div>\n                <div data-colibri-id=\"6-c6\" class=\"h-text h-text-component style-182 style-local-6-c6 position-relative h-element\">\n                  <!---->\n                  <!---->\n                  <div class=\"\">\n                    <p>First public Dj Mix Session<\/p>\n                  <\/div>\n                <\/div>\n              <\/div>\n            <\/div>\n          <\/div>\n          <div class=\"h-column h-column-container d-flex h-col-lg-4 h-col-md-4 h-col-12 style-180-outer style-local-6-c7-outer\">\n            <div data-colibri-id=\"6-c7\" class=\"d-flex h-flex-basis h-column__inner h-px-lg-3 h-px-md-3 h-px-2 v-inner-lg-3 v-inner-md-3 v-inner-2 style-180 style-local-6-c7 position-relative\">\n              <!---->\n              <!---->\n              <div class=\"w-100 h-y-container h-column__content h-column__v-align flex-basis-100 align-self-lg-center align-self-md-center align-self-center\">\n                <!---->\n                <div data-colibri-id=\"6-c8\" class=\"h-global-transition-all h-heading style-181 style-local-6-c8 position-relative h-element\">\n                  <!---->\n                  <div class=\"h-heading__outer style-181 style-local-6-c8\">\n                    <!---->\n                    <!---->\n                    <h3 class=\"\">Belgium<\/h3>\n                  <\/div>\n                <\/div>\n                <div data-colibri-id=\"6-c9\" class=\"h-text h-text-component style-182 style-local-6-c9 position-relative h-element\">\n                  <!---->\n                  <!---->\n                  <div class=\"\">\n                    <p>An international Music State<\/p>\n                  <\/div>\n                <\/div>\n              <\/div>\n            <\/div>\n          <\/div>\n          <div class=\"h-column h-column-container d-flex h-col-lg-4 h-col-md-4 h-col-12 style-180-outer style-local-6-c10-outer\">\n            <div data-colibri-id=\"6-c10\" class=\"d-flex h-flex-basis h-column__inner h-px-lg-3 h-px-md-3 h-px-2 v-inner-lg-3 v-inner-md-3 v-inner-2 style-180 style-local-6-c10 position-relative\">\n              <!---->\n              <!---->\n              <div class=\"w-100 h-y-container h-column__content h-column__v-align flex-basis-100 align-self-lg-center align-self-md-center align-self-center\">\n                <!---->\n                <div data-colibri-id=\"6-c11\" class=\"h-global-transition-all h-heading style-181 style-local-6-c11 position-relative h-element\">\n                  <!---->\n                  <div class=\"h-heading__outer style-181 style-local-6-c11\">\n                    <!---->\n                    <!---->\n                    <h3 class=\"\">+100<\/h3>\n                  <\/div>\n                <\/div>\n                <div data-colibri-id=\"6-c12\" class=\"h-text h-text-component style-182 style-local-6-c12 position-relative h-element\">\n                  <!---->\n                  <!---->\n                  <div class=\"\">\n                    <p>Free Hours of Mixtape<\/p>\n                  <\/div>\n                <\/div>\n              <\/div>\n            <\/div>\n          <\/div>\n        <\/div>\n      <\/div>\n    <\/div>\n  <\/div>\n  <div data-colibri-component=\"section\" data-colibri-id=\"6-c16\" id=\"about\" class=\"h-section h-section-global-spacing d-flex align-items-lg-center align-items-md-center align-items-center style-183 style-local-6-c16 position-relative\">\n    <!---->\n    <!---->\n    <div class=\"h-section-grid-container h-section-boxed-container\">\n      <!---->\n      <div data-colibri-id=\"6-c17\" class=\"h-row-container gutters-row-lg-1 gutters-row-md-1 gutters-row-0 gutters-row-v-lg-1 gutters-row-v-md-1 gutters-row-v-1 style-184 style-local-6-c17 position-relative\">\n        <!---->\n        <div class=\"h-row justify-content-lg-center justify-content-md-center justify-content-center align-items-lg-stretch align-items-md-stretch align-items-stretch gutters-col-lg-1 gutters-col-md-1 gutters-col-0 gutters-col-v-lg-1 gutters-col-v-md-1 gutters-col-v-1\">\n          <!---->\n          <div class=\"h-column h-column-container d-flex h-col-lg-auto h-col-md-auto h-col-auto style-185-outer style-local-6-c18-outer\">\n            <div data-colibri-id=\"6-c18\" class=\"d-flex h-flex-basis h-column__inner h-px-lg-0 h-px-md-0 h-px-0 v-inner-lg-0 v-inner-md-0 v-inner-0 style-185 style-local-6-c18 position-relative\">\n              <!---->\n              <!---->\n              <div class=\"w-100 h-y-container h-column__content h-column__v-align flex-basis-100 align-self-lg-center align-self-md-center align-self-center\">\n                <!---->\n                <div data-colibri-id=\"6-c19\" class=\"h-text h-text-component style-188 style-local-6-c19 position-relative h-element\">\n                  <!---->\n                  <!---->\n                  <div class=\"\">\n                    <p><strong>Pourquoi Aron-V et pas Aaron-V ?<\/strong><\/p>\n                    <p>\u00ab&nbsp;Ce n\u2019est pas une faute de frappe, mais&nbsp;<strong>un choix<\/strong>&nbsp;!&nbsp;\u00bb<\/p>\n                    <p>\u00ab&nbsp;Dans un paysage musical en constante \u00e9volution, il est essentiel de se d\u00e9marquer. En optant pour une orthographe unique, je m\u2019assure qu\u2019<strong>Aron-V<\/strong>&nbsp;est mon identit\u00e9 propre, ce qui aide \u00e0 \u00e9viter toute confusion\n                      et \u00e0 rendre ma pr\u00e9sence dans le monde de la musique vraiment singuli\u00e8re. C\u2019est un petit d\u00e9tail qui fait une grande diff\u00e9rence, symbolisant mon engagement envers l\u2019originalit\u00e9 dans chaque aspect de ma passion.&nbsp;\u00bb<\/p>\n                    <p>\u00ab&nbsp;Mais avant tout\u2026 Ce \u2018A\u2019 solitaire est un clin d\u2019\u0153il \u00e0 ma personnalit\u00e9 :&nbsp;<strong>un peu d\u00e9cal\u00e9, r\u00e9solument optimiste, et toujours pr\u00eat \u00e0 apporter une touche de joie et de folie \u00e0 chaque set<\/strong>.&nbsp;\u00bb<\/p>\n                    <p>\u00ab&nbsp;<em>Aron-V c\u2019est un pseudo qui me ressemble, tu le prononces comme tu veux, le principal, c\u2019est de savoir que tu parles de moi quand tu le prononces<\/em>.&nbsp;\u00bb<\/p>\n                    <p><strong><em>Vincent<\/em><\/strong><em>&nbsp;aka&nbsp;<\/em><strong><em>Dj Aron-V<\/em><\/strong><em>.<\/em><\/p>\n                    <p><strong>&#8212;&#8212;&#8212;&#8212;&#8212;-<\/strong><\/p>\n                    <p><strong>Why Aron-V with a single \u00ab&nbsp;A&nbsp;\u00bb?<\/strong><\/p>\n                    <p>\u00ab&nbsp;<strong>This isn\u2019t a typo; it\u2019s a deliberate choice!<\/strong>\u00ab&nbsp;<\/p>\n                    <p>\u00ab&nbsp;In a crowded musical landscape, standing out is key. By using a unique spelling, I ensure that&nbsp;<strong>Aron-V<\/strong>&nbsp;is distinctly mine, helping to avoid confusion and make my presence in the music world truly one-of-a-kind.\n                      It\u2019s a small detail that makes a big difference, symbolizing my commitment to originality in every aspect of my passion.&nbsp;\u00bb<\/p>\n                    <p>This lone \u2018A\u2019 is a nod to my personality:&nbsp;<strong>a little offbeat, resolutely optimistic, and always ready to bring a touch of joy and craziness to every set<\/strong>.<\/p>\n                    <p>\n                      <br>\n                    <\/p>\n                    <p><em>\u00ab&nbsp;Aron-V is a username that\u2019s just like me. Pronounce it however you want, as long as you know you\u2019re referring to me when you say it.&nbsp;\u00bb<\/em>\n                      <br>\n                      <br> <strong><em>Vincent<\/em><\/strong><em>&nbsp;aka&nbsp;<\/em><strong><em>Dj Aron-V<\/em><\/strong><em>.<\/em><\/p>\n                  <\/div>\n                <\/div>\n              <\/div>\n            <\/div>\n          <\/div>\n          <div class=\"h-column h-column-container d-flex h-col-lg-auto h-col-md-auto h-col-auto style-189-outer style-local-6-c20-outer\">\n            <div data-colibri-id=\"6-c20\" class=\"d-flex h-flex-basis h-column__inner h-ui-empty-state-container h-px-lg-2 h-px-md-2 h-px-2 v-inner-lg-2 v-inner-md-2 v-inner-2 style-189 style-local-6-c20 position-relative\">\n              <!---->\n              <!---->\n              <div class=\"w-100 h-y-container h-column__content h-column__v-align flex-basis-100\">\n                <!---->\n              <\/div>\n            <\/div>\n          <\/div>\n        <\/div>\n      <\/div>\n    <\/div>\n  <\/div>\n  <div data-colibri-component=\"section\" data-colibri-id=\"6-c21\" id=\"content-2\" class=\"h-section h-section-global-spacing d-flex align-items-lg-center align-items-md-center align-items-center style-213 style-local-6-c21 h-overflow-hidden position-relative\">\n    <!---->\n    <!---->\n    <div class=\"h-section-grid-container h-section-fluid-container\">\n      <!---->\n      <div data-colibri-id=\"6-c22\" class=\"h-row-container gutters-row-lg-0 gutters-row-md-0 gutters-row-2 gutters-row-v-lg-0 gutters-row-v-md-0 gutters-row-v-2 style-214 style-local-6-c22 position-relative\">\n        <!---->\n        <div class=\"h-row justify-content-lg-center justify-content-md-center justify-content-center align-items-lg-stretch align-items-md-stretch align-items-stretch gutters-col-lg-0 gutters-col-md-0 gutters-col-2 gutters-col-v-lg-0 gutters-col-v-md-0 gutters-col-v-2\">\n          <!---->\n          <div class=\"h-column h-column-container d-flex h-col-lg-auto h-col-md-auto h-col-auto style-215-outer style-local-6-c23-outer\">\n            <div data-colibri-id=\"6-c23\" class=\"d-flex h-flex-basis h-column__inner h-ui-empty-state-container h-px-lg-0 h-px-md-0 h-px-0 v-inner-lg-0 v-inner-md-0 v-inner-0 style-215 style-local-6-c23 position-relative\">\n              <!---->\n              <!---->\n              <div class=\"w-100 h-y-container h-column__content h-column__v-align flex-basis-100\">\n                <!---->\n              <\/div>\n            <\/div>\n          <\/div>\n          <div class=\"h-column h-column-container d-flex h-col-lg-auto h-col-md-auto h-col-auto style-216-outer style-local-6-c24-outer\">\n            <div data-colibri-id=\"6-c24\" class=\"d-flex h-flex-basis h-column__inner h-px-lg-0 h-px-md-0 h-px-0 v-inner-lg-0 v-inner-md-0 v-inner-0 style-216 style-local-6-c24 position-relative\">\n              <!---->\n              <!---->\n              <div class=\"w-100 h-y-container h-column__content h-column__v-align flex-basis-100 align-self-lg-start align-self-md-start align-self-start\">\n                <!---->\n                <div data-colibri-id=\"6-c25\" class=\"h-global-transition-all h-heading style-217 style-local-6-c25 position-relative h-element\">\n                  <!---->\n                  <div class=\"h-heading__outer style-217 style-local-6-c25\">\n                    <!---->\n                    <!---->\n                    <h5 class=\"\">History (English) &#8211; Version fran\u00e7aise ci-dessous<\/h5>\n                  <\/div>\n                <\/div>\n                <div data-colibri-id=\"6-c26\" class=\"h-divider style-205 style-local-6-c26 position-relative h-element\">\n                  <!----><span class=\"h-divider__line style-205-line style-local-6-c26-line style-205-line style-local-6-c26-line\"><\/span><\/div>\n                <div data-colibri-id=\"6-c27\" class=\"h-text h-text-component style-219 style-local-6-c27 position-relative h-element\">\n                  <!---->\n                  <!---->\n                  <div class=\"\">\n                    <p>Since 1994, DJ Aron-V has been shaping dancefloors with his distinct sound. Guided by regional DJ (Patrice Th.), Aron-V spent his formative years (1994-1998) mastering the art of DJing at private and public events, primarily spinning\n                      energetic Techno and House.<\/p>\n                    <p>By 1998, Aron-V was a solo force, earning residencies and playing increasingly prominent public events. His style matured, embracing Disco House and Vocal House by 2003. This year marked a significant turning point, with residencies\n                      at Apollon Club and P\u2019tit Ponch After Club in Belgium. 2004 saw him add Motion System to his list of residencies, solidifying his presence across Wallonia and Luxembourg at venues like Alhambra, Le Zoo Club, and Metropolis.<\/p>\n                    <p>The mid-2000s were equally dynamic. Aron-V joined Radio Pulsion (Fr), where he broadcast monthly&nbsp;for over four years. He also performed at numerous events in France and Belgium, including Le Bliss Club and La Bush Club. From 2007\n                      to 2010, he was a regular fixture on Radio Canal7 (Paris) while continuing to play extensively across Belgium.<\/p>\n                    <p>In 2008, he became the weekly resident at L\u2019Un Des Sens (Be), and in 2010, the resident DJ at Le B\u00f4bar in Tournai (Be). Since 2008, DJ Aron-V\u2019s name has become well-known among Belgian clubbers, with countless performances in prestigious\n                      venues across Belgium and Northern France.<\/p>\n                    <p>In 2015, Aron-V stepped back from public performances to focus on event organization and other artistic pursuits. However, the call of music proved too strong, and his passion reignited in 2018.<\/p>\n                    <p>Since then, DJ Aron-V has been sharing his monthly \u2018DynaMixs\u2019 via various streaming platforms, maintaining a musical connection with those who have always followed him. The overexposed image of DJs on social media and current music\n                      trends are the two main reasons for his distance from today\u2019s scenes and organizations, making it extremely rare to hear Aron-V live now.<\/p>\n                    <p>\n                      <br>\n                    <\/p>\n                  <\/div>\n                <\/div>\n              <\/div>\n            <\/div>\n          <\/div>\n        <\/div>\n      <\/div>\n    <\/div>\n  <\/div>\n  <div data-colibri-component=\"section\" data-colibri-id=\"6-c28\" id=\"custom\" class=\"h-section h-section-global-spacing d-flex align-items-lg-center align-items-md-center align-items-center style-308 style-local-6-c28 position-relative\">\n    <!---->\n    <!---->\n    <div class=\"h-section-grid-container h-section-boxed-container\">\n      <!---->\n      <div data-colibri-id=\"6-c29\" class=\"h-row-container gutters-row-lg-2 gutters-row-md-2 gutters-row-0 gutters-row-v-lg-2 gutters-row-v-md-2 gutters-row-v-2 style-309 style-local-6-c29 position-relative\">\n        <!---->\n        <div class=\"h-row justify-content-lg-center justify-content-md-center justify-content-center align-items-lg-stretch align-items-md-stretch align-items-stretch gutters-col-lg-2 gutters-col-md-2 gutters-col-0 gutters-col-v-lg-2 gutters-col-v-md-2 gutters-col-v-2\">\n          <!---->\n          <div class=\"h-column h-column-container d-flex h-col-lg-auto h-col-md-auto h-col-auto style-310-outer style-local-6-c30-outer\">\n            <div data-colibri-id=\"6-c30\" class=\"d-flex h-flex-basis h-column__inner h-px-lg-2 h-px-md-2 h-px-2 v-inner-lg-2 v-inner-md-2 v-inner-2 style-310 style-local-6-c30 position-relative\">\n              <!---->\n              <!---->\n              <div class=\"w-100 h-y-container h-column__content h-column__v-align flex-basis-100 align-self-lg-start align-self-md-start align-self-start\">\n                <!---->\n                <div data-colibri-id=\"6-c32\" class=\"h-text h-text-component style-312 style-local-6-c32 position-relative h-element\">\n                  <!---->\n                  <!---->\n                  <div class=\"\">\n                    <p>Depuis 1994, DJ Aron-V fa\u00e7onne les dancefloors avec son style de mix assez distinctif, centr\u00e9 sur la&nbsp;musique et non sur l\u2019image surexpos\u00e9e de soi. Guid\u00e9 par un DJ r\u00e9gional (Patrice Th.), Aron-V a pass\u00e9 du temps \u00e0 se perfectionner\n                      aux platines (1994-1998) pour ma\u00eetriser l\u2019art du DJing lors d\u2019\u00e9v\u00e9nements priv\u00e9s et publics, principalement en mixant une Techno et House \u00e9nergique.<\/p>\n                    <p>D\u00e8s 1998, Aron-V a commenc\u00e9 \u00e0 se faire une place dans le night life belge, en obtenant des r\u00e9sidences et en jouant de plus en plus lors d\u2019\u00e9v\u00e9nements publics importants. Son style a m\u00fbri, reprenant essentiellement de la Disco House\n                      et de la House vocale assez punchy, d\u00e8s l\u2019ann\u00e9e 2003. Cette ann\u00e9e a marqu\u00e9 un tournant significatif, avec des r\u00e9sidences \u00e0 l\u2019Apollon Club et au P\u2019tit Ponch After Club en Belgique. En 2004, il a ajout\u00e9 Motion System \u00e0 sa liste de\n                      r\u00e9sidences, solidifiant sa pr\u00e9sence en Wallonie et au Luxembourg dans des lieux tels que l\u2019Alhambra, le Zoo Club et la Nova.<\/p>\n                    <p>Le milieu des ann\u00e9es 2000 a \u00e9t\u00e9 tout aussi dynamique. Aron-V a rejoint Radio Pulsion (Fr), o\u00f9 il a diffus\u00e9 mensuellement pendant plus de quatre ans. Il s\u2019est \u00e9galement produit lors de nombreux \u00e9v\u00e9nements en France et en Belgique, notamment\n                      au Bliss Club et \u00e0 La Bush Club. De 2007 \u00e0 2010, il diffuse ses mixs mensuellement sur Radio Canal7 (Paris) tout en continuant \u00e0 jouer intensivement \u00e0 travers la Belgique. Dj Aron-V sera d\u2019ailleurs finaliste et repr\u00e9sentant de la\n                      Belgique lors de la s\u00e9lection de Dj organis\u00e9e par Contact Fm sur la plage du Touquet.<\/p>\n                    <p>En 2008, il est devenu le r\u00e9sident hebdomadaire de L\u2019Un Des Sens (Be), et en 2010, le DJ r\u00e9sident du discobar Le B\u00f4bar \u00e0 Tournai (Be). Depuis 2008, le nom de DJ Aron-V est devenu familier pour une partie des clubbers belges, avec d\u2019innombrables\n                      performances dans des lieux prestigieux partout en Belgique et dans le nord de la France.<\/p>\n                    <p>En 2015, Aron-V a pris du recul par rapport aux prestations publiques pour se consacrer \u00e0 l\u2019organisation d\u2019\u00e9v\u00e9nements et \u00e0 d\u2019autres activit\u00e9s artistiques.<\/p>\n                    <p>Depuis 2018, DJ Aron-V partage ses mixes et ses podcasts dans ses \u00ab DynaMixs \u00bb mensuels via diff\u00e9rentes plateformes de streaming, pour garder le lien musical avec ceux qui l\u2019ont toujours suivi.<\/p>\n                    <p>L\u2019image surexpos\u00e9e de Dj sur les r\u00e9seaux et la tendance musicale actuelle sont les 2 principales raisons de son recul par rapport aux sc\u00e8nes et organisations actuelles, il est donc devenu extr\u00eamement rare de pouvoir \u00e9couter Aron-V\n                      en live d\u00e9sormais.<\/p>\n                  <\/div>\n                <\/div>\n              <\/div>\n            <\/div>\n          <\/div>\n          <div class=\"h-column h-column-container d-flex h-col-lg-auto h-col-md-auto h-col-auto style-311-outer style-local-6-c31-outer\">\n            <div data-colibri-id=\"6-c31\" class=\"d-flex h-flex-basis h-column__inner h-px-lg-2 h-px-md-2 h-px-2 v-inner-lg-2 v-inner-md-2 v-inner-2 style-311 style-local-6-c31 position-relative\">\n              <!---->\n              <!---->\n              <div class=\"w-100 h-y-container h-column__content h-column__v-align flex-basis-100 align-self-lg-start align-self-md-start align-self-start\">\n                <!---->\n                <div data-colibri-id=\"6-c33\" class=\"d-block style-313 style-local-6-c33 position-relative h-element\">\n                  <!---->\n                  <div class=\"h-image__frame-container-outer\">\n                    <div class=\"h-image__frame-container\">\n                      <!---->\n                      <!---->\n                      <img decoding=\"async\" src=\"https:\/\/aron-v.be\/wp-content\/uploads\/2026\/01\/djaronv2025-2-TransparentBack-413x1024.png\" class=\"style-313-image style-local-6-c33-image\">\n                      <div class=\"h-image__frame h-hide-lg h-hide-md h-hide-sm style-313-frameImage style-local-6-c33-frameImage\"><\/div>\n                    <\/div>\n                  <\/div>\n                <\/div>\n              <\/div>\n            <\/div>\n          <\/div>\n        <\/div>\n      <\/div>\n    <\/div>\n  <\/div>\n<\/div>","protected":false},"excerpt":{"rendered":"<p>1995 First public Dj Mix Session Belgium An international Music State +100 Free [&hellip;]<\/p>\n","protected":false},"author":1,"featured_media":0,"parent":0,"menu_order":0,"comment_status":"closed","ping_status":"closed","template":"page-templates\/homepage.php","meta":{"footnotes":""},"class_list":["post-6","page","type-page","status-publish","hentry"],"_links":{"self":[{"href":"https:\/\/aron-v.be\/index.php\/wp-json\/wp\/v2\/pages\/6","targetHints":{"allow":["GET"]}}],"collection":[{"href":"https:\/\/aron-v.be\/index.php\/wp-json\/wp\/v2\/pages"}],"about":[{"href":"https:\/\/aron-v.be\/index.php\/wp-json\/wp\/v2\/types\/page"}],"author":[{"embeddable":true,"href":"https:\/\/aron-v.be\/index.php\/wp-json\/wp\/v2\/users\/1"}],"replies":[{"embeddable":true,"href":"https:\/\/aron-v.be\/index.php\/wp-json\/wp\/v2\/comments?post=6"}],"version-history":[{"count":20,"href":"https:\/\/aron-v.be\/index.php\/wp-json\/wp\/v2\/pages\/6\/revisions"}],"predecessor-version":[{"id":224,"href":"https:\/\/aron-v.be\/index.php\/wp-json\/wp\/v2\/pages\/6\/revisions\/224"}],"wp:attachment":[{"href":"https:\/\/aron-v.be\/index.php\/wp-json\/wp\/v2\/media?parent=6"}],"curies":[{"name":"wp","href":"https:\/\/api.w.org\/{rel}","templated":true}]}}